{"id":32,"date":"2021-02-19T13:33:12","date_gmt":"2021-02-19T12:33:12","guid":{"rendered":"https:\/\/dev-dap.fahrschule-walch.de\/?page_id=32"},"modified":"2021-03-26T22:05:05","modified_gmt":"2021-03-26T21:05:05","slug":"ueber-mich","status":"publish","type":"page","link":"https:\/\/dominicamberger.com\/index.php\/ueber-mich\/","title":{"rendered":"\u00dcber DA Performance:"},"content":{"rendered":"\n<p>Dominic Amberger ist ehemaliger Profisportler aus dem Mountainbike Freeride Bereich der 2014 die Firma DA Performance gr\u00fcndete. Seither arbeitet er mit namhaften Firmen und aussergew\u00f6hnlichen Pers\u00f6nlichkeiten zusammen und hat seine Leidenschaft des Filmemachens und die Leidenschaft zu Autos zum Beruf gemacht.<\/p>\n","protected":false},"excerpt":{"rendered":"<p>Dominic Amberger ist ehemaliger Profisportler aus dem Mountainbike Freeride Bereich der 2014 die Firma DA Performance gr\u00fcndete. Seither arbeitet er mit namhaften Firmen und aussergew\u00f6hnlichen Pers\u00f6nlichkeiten zusammen und hat seine Leidenschaft des Filmemachens und die Leidenschaft zu Autos zum Beruf gemacht.<\/p>\n","protected":false},"author":1,"featured_media":60,"parent":0,"menu_order":0,"comment_status":"closed","ping_status":"closed","template":"","meta":{"_vp_format_video_url":"","_vp_image_focal_point":[],"footnotes":""},"class_list":["post-32","page","type-page","status-publish","has-post-thumbnail","hentry"],"_links":{"self":[{"href":"https:\/\/dominicamberger.com\/index.php\/wp-json\/wp\/v2\/pages\/32","targetHints":{"allow":["GET"]}}],"collection":[{"href":"https:\/\/dominicamberger.com\/index.php\/wp-json\/wp\/v2\/pages"}],"about":[{"href":"https:\/\/dominicamberger.com\/index.php\/wp-json\/wp\/v2\/types\/page"}],"author":[{"embeddable":true,"href":"https:\/\/dominicamberger.com\/index.php\/wp-json\/wp\/v2\/users\/1"}],"replies":[{"embeddable":true,"href":"https:\/\/dominicamberger.com\/index.php\/wp-json\/wp\/v2\/comments?post=32"}],"version-history":[{"count":9,"href":"https:\/\/dominicamberger.com\/index.php\/wp-json\/wp\/v2\/pages\/32\/revisions"}],"predecessor-version":[{"id":1249,"href":"https:\/\/dominicamberger.com\/index.php\/wp-json\/wp\/v2\/pages\/32\/revisions\/1249"}],"wp:featuredmedia":[{"embeddable":true,"href":"https:\/\/dominicamberger.com\/index.php\/wp-json\/wp\/v2\/media\/60"}],"wp:attachment":[{"href":"https:\/\/dominicamberger.com\/index.php\/wp-json\/wp\/v2\/media?parent=32"}],"curies":[{"name":"wp","href":"https:\/\/api.w.org\/{rel}","templated":true}]}}